 2029
What are the prime factors of 304573859?
43, 7083113
List the prime factors of 273588675.
3, 5, 197, 18517
List the prime factors of 255535628.
2, 63883907
List the prime factors of 58626552.
2, 3, 19, 83, 1549
What are the prime factors of 183175318?
2, 91587659
What are the prime factors of 811137581?
881, 920701
What are the prime factors of 350999752?
2, 1151, 38119
What are the prime factors of 265826742?
2, 3, 59, 151, 4973
What are the prime factors of 4299809324?
2, 1074952331
List the prime factors of 2171173.
61, 35593
List the prime factors of 118147102.
2, 29, 2037019
What are the prime factors of 89083880?
2, 5, 227, 9811
List the prime factors of 2086034943.
3, 695344981
List the prime factors of 3259207594.
2, 23, 7013, 10103
List the prime factors of 64933945.
5, 23, 564643
What are the prime factors of 865127398?
2, 432563699
What are the prime factors of 5994344627?
5994344627
List the prime factors of 1274965910.
2, 5, 43, 2965037
List the prime factors of 283792264.
2, 7, 1049, 4831
What are the prime factors of 181694888?
2, 67, 257, 1319
What are the prime factors of 584856669?
3, 37, 5268979
List the prime factors of 139061595.
3, 5, 9270773
List the prime factors of 38325073.
73, 525001
List the prime factors of 6664461881.
7, 11, 977, 88589
What are the prime factors of 28155252?
2, 3, 2346271
What are the prime factors of 4101680?
2, 5, 11, 59, 79
List the prime factors of 223924197.
3, 7, 193, 55249
What are the prime factors of 53020053?
3, 5891117
List the prime factors of 81657705.
3, 5, 23, 37, 6397
What are the prime factors of 1271160314?
2, 67, 1171, 8101
What are the prime factors of 1765698?
2, 3, 11, 31, 863
List the prime factors of 871765242.
2, 3, 145294207
What are the prime factors of 89744932?
2, 109, 205837
List the prime factors of 10660629.
3, 7, 199, 2551
List the prime factors of 625094577.
3, 683, 11299
What are the prime factors of 16463626?
2, 421, 19553
What are the prime factors of 79801054?
2, 61, 654107
What are the prime factors of 223220428?
2, 23, 2426309
What are the prime factors of 26252654?
2, 13126327
List the prime factors of 17906880.
2, 3, 5, 23, 811
List the prime factors of 57094289.
7, 83, 98269
List the prime factors of 1494162867.
3, 498054289
List the prime factors of 4032938743.
4032938743
List the prime factors of 257858412.
2, 3, 7, 3069743
What are the prime factors of 44944207?
7, 11, 71, 8221
What are the prime factors of 3163996052?
2, 7, 19, 97, 461
List the prime factors of 385059931.
461, 835271
List the prime factors of 1750062103.
1750062103
List the prime factors of 43184626.
2, 21592313
List the prime factors of 236882524.
2, 59220631
List the prime factors of 260979287.
260979287
List the prime factors of 87032245.
5, 17406449
What are the prime factors of 1587331905?
3, 5, 17, 31, 113, 1777
What are the prime factors of 200219281?
1471, 136111
What are the prime factors of 181461251?
181461251
What are the prime factors of 2126640865?
5, 61, 6972593
What are the prime factors of 124841514?
2, 3, 7, 19, 22349
What are the prime factors of 25238171?
7, 257, 14029
What are the prime factors of 294216355?
5, 7307, 8053
List the prime factors of 4618321.
547, 8443
List the prime factors of 523230508.
2, 47, 1091, 2551
List the prime factors of 34250252.
2, 41, 208843
What are the prime factors of 96773239?
7561, 12799
List the prime factors of 1265284801.
11, 5689, 20219
What are the prime factors of 4891898289?
3, 19, 5087, 16871
What are the prime factors of 24081698?
2, 349, 34501
List the prime factors of 64145306.
2, 32072653
List the prime factors of 1709017050.
2, 3, 5, 13, 37, 23687
List the prime factors of 18619151.
1193, 15607
List the prime factors of 3237477079.
23, 5641, 24953
What are the prime factors of 279829478?
2, 139914739
What are the prime factors of 154936477?
6043, 25639
List the prime factors of 58814919.
3, 61, 149, 719
List the prime factors of 14224888.
2, 1778111
What are the prime factors of 145370079?
3, 5384077
What are the prime factors of 402719638?
2, 2161, 93179
What are the prime factors of 243162098?
2, 121581049
What are the prime factors of 963497572?
2, 179, 1345667
List the prime factors of 480659464.
2, 31, 577, 3359
What are the prime factors of 1726185199?
1726185199
List the prime factors of 388317390.
2, 3, 5, 79, 163847
List the prime factors of 58366834.
2, 37, 167, 4723
What are the prime factors of 1498563647?
7, 1777, 120473
List the prime factors of 1994036472.
2, 3, 19, 79, 18451
What are the prime factors of 39894056?
2, 1867, 2671
List the prime factors of 61790721.
3, 359, 57373
What are the prime factors of 30528613?
23, 557, 2383
List the prime factors of 802519856.
2, 50157491
List the prime factors of 1428416093.
13, 269, 408469
List the prime factors of 2052042382.
2, 13, 23, 3431509
What are the prime factors of 266224636?
2, 5879, 11321
What are the prime factors of 849707527?
131, 733, 8849
List the prime factors of 43406008.
2, 5425751
List the prime factors of 63948967.
63948967
What are the prime factors of 90804488?
2, 11350561
List the prime factors of 3595122089.
13, 3631, 76163
List the prime factors of 141269333.
141269333
List the prime factors of 327324112.
2, 83, 103, 2393
List the prime factors of 3100368504.
2, 3, 41, 3150781
What are the prime factors of 862387983?
3, 95820887
What are the prime factors of 944000348?
2, 236000087
What are the prime factors of 18233183?
59, 309037
What are the prime factors of 2584251510?
2, 3, 5, 173, 497929
What are the prime factors of 229843044?
2, 3, 6384529
List the prime factors of 420882292.
2, 105220573
What are the prime factors of 5499728430?
2, 3, 5, 7, 26189183
List the prime factors of 53168600.
2, 5, 29, 89, 103
List the prime factors of 3466103083.
503, 6890861
List the prime factors of 7265100.
2, 3, 5, 61, 397
What are the prime factors of 1846397?
7, 191, 1381
List the prime factors of 104508966.
2, 3, 17418161
What are the prime factors of 4133103841?
23, 89, 131, 15413
List the prime factors of 6169787616.
2, 3, 19, 229, 14771
List the prime factors of 66044963.
37, 523, 3413
What are the prime factors of 1618060495?
5, 89, 167, 21773
List the prime factors of 977112813.
3, 983, 331337
What are the prime factors of 3809040636?
2, 3, 317420053
What are the prime factors of 1217995359?
3, 7, 5003, 11593
List the prime factors of 471106680.
2, 3, 5, 11, 173, 2063
List the prime factors of 6838460.
2, 5, 331, 1033
List the prime factors of 360983768.
2, 45122971
What are the prime factors of 36214350?
2, 3, 5, 241429
What are the prime factors of 71814296?
2, 8976787
List the prime factors of 78072748.
2, 13, 19, 4159
List the prime factors of 48462361.
3989, 12149
What are the prime factors of 2772493876?
2, 23, 1009, 29867
What are the prime factors of 112267183?
7, 2291167
What are the prime factors of 702871781?
199, 3532019
What are the prime factors of 3581925534?
2, 3, 11, 17, 62597
List the prime factors of 3035333145.
3, 5, 13, 15565811
What are the prime factors of 20025021?
3, 6675007
List the prime factors of 351647786.
2, 7, 25117699
List the prime factors of 116570286.
2, 3, 7, 137, 2251
List the prime factors of 4287921.
3, 11, 129937
What are the prime factors of 36523943?
53, 689131
List the prime factors of 198934360.
2, 5, 23, 216233
What are the prime factors of 53328707?
101, 619, 853
List the prime factors of 59983173.
3, 740533
List the prime factors of 2414806573.
61, 3923, 10091
List the prime factors of 207984749.
7, 17, 113, 15467
What are the prime factors of 4688807?
29, 161683
What are the prime factors of 119559372?
2, 3, 9963281
List the prime factors of 21502916.
2, 5375729
List the prime factors of 27160296.
2, 3, 59, 19181
What are the prime factors of 7468277?
71, 293, 359
What are the prime factors of 18836168?
2, 13, 139, 1303
List the prime factors of 5209174761.
3, 7, 3623, 9781
What are the prime factors of 193062911?
3319, 58169
List the prime factors of 2217361271.
37, 59928683
What are the prime factors of 144299233?
13, 11099941
What are the prime factors of 204880655?
5, 7, 37, 158209
List the prime factors of 432877247.
11, 19, 181, 11443
List the prime factors of 179494131.
3,